 79489724511 composite?
True
Is 10853031635 prime?
False
Is 1098865522 composite?
True
Is 348703807 a composite number?
False
Is 22007663441 a prime number?
True
Is 583980898 a composite number?
True
Is 1244264789 a prime number?
True
Is 2507815033 prime?
False
Is 1665674134 a prime number?
False
Is 5026146313 a prime number?
True
Is 9045588517 prime?
False
Is 10289001 prime?
False
Is 5117618819 a composite number?
False
Is 2594789009 composite?
False
Is 125463625147 a composite number?
True
Is 34296570527 a prime number?
False
Is 17651573911 prime?
False
Is 51285877913 prime?
True
Is 2285503163 composite?
False
Is 15502317287 composite?
True
Is 16643020123 composite?
False
Is 104997822701 prime?
True
Is 37006916347 composite?
False
Is 690008549 prime?
True
Is 635003727 a prime number?
False
Is 230841353 a composite number?
False
Is 2961755287 a prime number?
False
Is 46565356037 a prime number?
False
Is 132713974177 a composite number?
True
Is 17731580579 prime?
False
Is 4224458723 composite?
True
Is 15328871017 a composite number?
False
Is 190237093 prime?
True
Is 1346802421 prime?
False
Is 1489849523 composite?
True
Is 196394969 a prime number?
False
Is 385464977 composite?
True
Is 213614627 prime?
True
Is 1048040107 a prime number?
False
Is 9483227309 prime?
False
Is 170396212094 a prime number?
False
Is 94036363 composite?
True
Is 3770446917 a composite number?
True
Is 9065199779 prime?
True
Is 17263717517 a prime number?
True
Is 4085151089 a composite number?
False
Is 72331778789 a prime number?
False
Is 2596163981 prime?
True
Is 2561973341 a prime number?
True
Is 33715779497 a composite number?
False
Is 47111665723 composite?
False
Is 2654420011 a composite number?
False
Is 8319720503 a prime number?
True
Is 810943681 a composite number?
False
Is 412792349 a prime number?
False
Is 2255204179 composite?
False
Is 1480203733 composite?
False
Is 27094099 a prime number?
True
Is 23445633697 a prime number?
True
Is 341536843 composite?
False
Is 70322262521 composite?
True
Is 310540150441 prime?
False
Is 10067089559 prime?
True
Is 61501230361 a prime number?
False
Is 94699569841 prime?
True
Is 10159477819 composite?
False
Is 287204089 composite?
True
Is 13489026961 prime?
False
Is 1953516353 prime?
True
Is 19384777 a prime number?
False
Is 941526361 composite?
True
Is 23900343559 a prime number?
True
Is 440740147 a prime number?
False
Is 677923339 a prime number?
False
Is 319315727 prime?
True
Is 7582930211 a composite number?
False
Is 22895683229 prime?
True
Is 201408940615 a composite number?
True
Is 407354833 a composite number?
True
Is 18600487541 a composite number?
False
Is 27992875307 composite?
True
Is 39431874767 composite?
True
Is 26175836293 composite?
False
Is 8791075217 composite?
True
Is 621197279 prime?
True
Is 1907330063 composite?
False
Is 426953971 a prime number?
True
Is 19193726471 a composite number?
False
Is 7478756677 a composite number?
True
Is 25562428691 composite?
True
Is 1231235429 prime?
False
Is 210197509 composite?
False
Is 143917789 a prime number?
True
Is 1324141979 prime?
False
Is 171225737 composite?
False
Is 11927262503 a composite number?
True
Is 6020870545 a prime number?
False
Is 38123808449 a prime number?
True
Is 6200083637 a composite number?
True
Is 5509005113 a prime number?
True
Is 3348357202 a prime number?
False
Is 1393678127 a prime number?
False
Is 5306412703 prime?
True
Is 7175628347 prime?
True
Is 4549570861 a prime number?
False
Is 8004121247 a composite number?
True
Is 201174026 prime?
False
Is 5117743139 prime?
False
Is 15756722165 a prime number?
False
Is 732960653 a composite number?
False
Is 481643627 a prime number?
True
Is 68216443105 prime?
False
Is 147954449 prime?
False
Is 11836448123 prime?
False
Is 21805287437 a composite number?
True
Is 365298983 prime?
False
Is 22214873 prime?
True
Is 590371701 a composite number?
True
Is 500232959 a prime number?
True
Is 88377469979 composite?
False
Is 4363619473 a prime number?
False
Is 13843652191 prime?
True
Is 3581371373 prime?
True
Is 17725564697 a prime number?
True
Is 655667113 a prime number?
False
Is 29298811123 composite?
False
Is 250868689 composite?
False
Is 1357594703 a composite number?
True
Is 176341692773 a composite number?
False
Is 62312651789 composite?
False
Is 1098859249 composite?
True
Is 2510045093 composite?
False
Is 617464163 composite?
False
Is 217952503 a prime number?
True
Is 1830869653 prime?
True
Is 5993491681 a composite number?
False
Is 2626187281 a prime number?
False
Is 3254818549 a composite number?
True
Is 3130382053 a composite number?
False
Is 5859112271 composite?
True
Is 5971251171 a prime number?
False
Is 6563683199 a composite number?
False
Is 572389163 prime?
True
Is 6601186147 a composite number?
False
Is 6003189133 prime?
True
Is 888823099 a composite number?
True
Is 6624510947 a prime number?
True
Is 287109611 a composite number?
False
Is 614597279 composite?
True
Is 46993198661 composite?
True
Is 9459991549 a composite number?
False
Is 8969885333 a composite number?
False
Is 102085865503 prime?
True
Is 11140786501 composite?
True
Is 1672006991 a prime number?
True
Is 573565241 a prime number?
False
Is 17700948379 prime?
True
Is 780303337 a prime number?
False
Is 1047859297 a prime number?
False
Is 3294624649 composite?
False
Is 2165138627 prime?
False
Is 10885605379 a composite number?
True
Is 16731850427 prime?
True
Is 52788101 a composite number?
True
Is 27497528389 prime?
False
Is 3404422991 composite?
False
Is 69823416491 a composite number?
True
Is 180481558579 a prime number?
False
Is 460209273 composite?
True
Is 2293492063 prime?
False
Is 429138499 composite?
False
Is 240576569 a composite number?
False
Is 5795933609 a prime number?
True
Is 887120513 composite?
False
Is 97944641 prime?
False
Is 15618377867 a prime number?
True
Is 361258747 prime?
True
Is 40366965731 a composite number?
False
Is 13081565327 a prime number?
True
Is 495259642 prime?
False
Is 4103311487 composite?
True
Is 4748158391 prime?
True
Is 4410201137 a composite number?
False
Is 4299517667 a composite number?
True
Is 651002993 a prime number?
True
Is 12179368039 a composite number?
False
Is 3421256651 composite?
False
Is 606117877 composite?
False
Is 4419566297 a prime number?
True
Is 8462527909 composite?
True
Is 905813021 a composite number?
True
Is 104275942477 composite?
True
Is 868427557 a composite number?
True
Is 10428768209 a prime number?
False
Is 3112973653 composite?
False
Is 6102142861 a prime number?
True
Is 168062987 prime?
True
Is 538315093 a composite number?
True
Is 7138988761 composite?
False
Is 2608099679 a prime number?
True
Is 20977970107 composite?
True
Is 47897279095 composite?
True
Is 10815377723 a prime number?
False
Is 14275371037 a prime number?
True
Is 9874247885 a composite number?
True
Is 10286716729 a composite number?
True
Is 22667921 a composite number?
True
Is 389199931 composite?
True
Is 788128447 prime?
False
Is 129910448011 composite?
False
Is 4906419917 a prime number?
False
Is 4914498881 a prime number?
True
Is 8693174137 a composite number?
True
Is 12110225797 a prime number?
False
Is 1952766293 composite?
True
Is 942134043 composite?
True
Is 2349850274 a composite number?
True
Is 41776037 prime?
False
Is 1962581227 a prime number?
True
Is 939297941 prime?
True
Is 1511096989 a prime number?
False
Is 4374815537 a composite number?
False
Is 29358088861 composite?
True
Is 1487972443 prime?
False
Is 402475417 composite?
False
Is 975022381 prime?
True
Is 922469897 prime?
False
Is 1981957427 a prime number?
False
Is 1019467133 a composite number?
False
Is 382740887 a prime number?
False
Is 1021464667 a composite number?
False
Is 5820507191 a prime number?
False
Is 153455005219 composite?
False
Is 20104398311 composite?
True
Is 6446469997 composite?
True
Is 453183971 composite?
False
Is 375367451 a composite number?
False
Is 6418637593 a composite number?
False
Is 67486481633 a prime number?
True
Is 65923607 a prime number?
True
Is 4885765799 a prime number?
False
Is 25429679017 a prime number?
True
Is 574575973 composite?
False
Is 1782110887 a prime number?
False
Is 7724056969 a composite number?
False
Is 4169559127 a composite number?
False
Is 13542131549 a prime number?
True
Is 10